 to base 11.
0
4 (base 13) to base 3
11
What is -130 (base 5) in base 8?
-50
0 (base 5) to base 8
0
4 (base 10) to base 5
4
Convert -76 (base 9) to base 13.
-54
Convert 11 (base 2) to base 11.
3
2 (base 15) to base 11
2
Convert 2 (base 3) to base 9.
2
What is 122 (base 7) in base 3?
2102
-13c (base 13) to base 3
-22011
What is -34 (base 8) in base 3?
-1001
4c (base 13) to base 14
48
Convert -100000001 (base 2) to base 14.
-145
400 (base 5) to base 14
72
Convert 7b (base 16) to base 2.
1111011
What is -112 (base 8) in base 13?
-59
2 (base 13) to base 15
2
7 (base 13) to base 15
7
What is a0 (base 11) in base 16?
6e
-3 (base 4) to base 12
-3
What is 78 (base 14) in base 7?
211
1 (base 13) to base 3
1
Convert -16 (base 8) to base 5.
-24
What is 16 (base 10) in base 12?
14
0 (base 12) to base 2
0
Convert 51 (base 7) to base 13.
2a
68 (base 14) to base 10
92
-53 (base 11) to base 4
-322
What is -3 (base 15) in base 8?
-3
Convert 4 (base 16) to base 3.
11
What is -10 (base 11) in base 4?
-23
Convert -146 (base 13) to base 10.
-227
-28 (base 15) to base 8
-46
Convert -c (base 15) to base 13.
-c
58 (base 16) to base 9
107
37 (base 16) to base 11
50
Convert -2002 (base 5) to base 16.
-fc
10 (base 8) to base 14
8
What is 6 (base 9) in base 13?
6
Convert 56 (base 10) to base 13.
44
What is -10 (base 4) in base 3?
-11
e (base 16) to base 12
12
Convert 3 (base 4) to base 11.
3
What is -1200 (base 6) in base 8?
-440
-16 (base 10) to base 3
-121
What is -10 (base 4) in base 16?
-4
What is -5 (base 6) in base 2?
-101
54 (base 13) to base 10
69
Convert -11011 (base 3) to base 11.
-a2
What is -1001100 (base 2) in base 9?
-84
Convert -4 (base 15) to base 8.
-4
What is -3 (base 14) in base 8?
-3
Convert 2 (base 3) to base 13.
2
What is -12 (base 13) in base 10?
-15
Convert -1 (base 7) to base 11.
-1
What is 11 (base 12) in base 3?
111
3 (base 10) to base 13
3
What is -22 (base 11) in base 5?
-44
What is -25 (base 9) in base 12?
-1b
-555 (base 6) to base 10
-215
10101001 (base 2) to base 7
331
2c (base 14) to base 7
55
What is -13 (base 5) in base 16?
-8
Convert -10 (base 8) to base 7.
-11
What is -20 (base 5) in base 9?
-11
10021 (base 3) to base 8
130
Convert -100 (base 2) to base 10.
-4
What is 1000000 (base 2) in base 7?
121
3 (base 4) to base 9
3
What is 1 (base 2) in base 9?
1
54 (base 15) to base 14
59
Convert -11 (base 3) to base 4.
-10
4 (base 15) to base 3
11
What is 10 (base 10) in base 14?
a
17 (base 13) to base 12
18
Convert -1a (base 11) to base 13.
-18
Convert -2 (base 7) to base 4.
-2
-1 (base 15) to base 13
-1
Convert 52 (base 7) to base 9.
41
3 (base 11) to base 12
3
20 (base 7) to base 14
10
What is -175 (base 12) in base 13?
-14c
Convert -36 (base 9) to base 6.
-53
What is 3 (base 5) in base 11?
3
40 (base 11) to base 6
112
11 (base 11) to base 7
15
What is -58 (base 9) in base 7?
-104
4 (base 16) to base 10
4
-258 (base 11) to base 7
-614
What is -33 (base 14) in base 8?
-55
What is -2 (base 6) in base 3?
-2
Convert -cb (base 16) to base 10.
-203
Convert 2 (base 16) to base 8.
2
What is -114 (base 8) in base 16?
-4c
Convert -e (base 15) to base 14.
-10
0 (base 4) to base 2
0
Convert -4 (base 6) to base 10.
-4
What is 9a (base 13) in base 8?
177
3 (base 12) to base 5
3
Convert 1011 (base 2) to base 4.
23
Convert 2 (base 5) to base 9.
2
Convert -32 (base 4) to base 8.
-16
-25 (base 8) to base 3
-210
Convert 3 (base 8) to base 14.
3
-2 (base 5) to base 4
-2
26 (base 15) to base 14
28
20 (base 5) to base 9
11
-76 (base 11) to base 9
-102
Convert 39 (base 10) to base 2.
100111
Convert 4 (base 10) to base 2.
100
Convert -65 (base 13) to base 5.
-313
What is -360 (base 9) in base 5?
-2142
What is -44 (base 10) in base 9?
-48
Convert 3 (base 11) to base 13.
3
What is 224 (base 8) in base 6?
404
2 (base 14) to base 5
2
Convert -15 (base 9) to base 13.
-11
-2 (base 15) to base 7
-2
-10 (base 3) to base 7
-3
What is -20 (base 7) in base 10?
-14
What is 0 (base 13) in base 12?
0
What is -10 (base 6) in base 5?
-11
Convert -121 (base 16) to base 7.
-562
101110 (base 2) to base 3
1201
What is -5 (base 11) in base 16?
-5
Convert -e (base 15) to base 3.
-112
What is -10000 (base 2) in base 16?
-10
Convert 232 (base 4) to base 14.
34
Convert -1 (base 16) to base 10.
-1
Convert -b (base 14) to base 11.
-10
-42 (base 7) to base 12
-26
-2 (base 5) to base 3
-2
Convert 3 (base 15) to base 11.
3
11d (base 14) to base 2
11011111
What is -405 (base 6) in base 3?
-12112
-132 (base 7) to base 12
-60
-16 (base 12) to base 10
-18
What is 4 (base 11) in base 10?
4
3 (base 15) to base 11
3
20 (base 8) to base 3
121
Convert -10 (base 4) to base 12.
-4
What is -11 (base 6) in base 8?
-7
c5 (base 13) to base 9
188
What is -3 (base 6) in base 2?
-11
What is -19 (base 11) in base 6?
-32
What is -1 (base 13) in base 14?
-1
What is 20 (base 10) in base 14?
16
What is -1a (base 11) in base 13?
-18
Convert b (base 13) to base 9.
12
What is 30 (base 4) in base 14?
c
-33 (base 8) to base 7
-36
-120 (base 6) to base 2
-110000
Convert -11212 (base 3) to base 14.
-95
What is 13 (base 8) in base 4?
23
What is 1000110 (base 2) in base 12?
5a
-355 (base 7) to base 9
-227
-1 (base 8) to base 2
-1
-6 (base 13) to base 16
-6
Convert -11 (base 4) to base 6.
-5
What is -3 (base 6) in base 2?
-11
6 (base 10) to base 4
12
What is -502 (base 6) in base 15?
-c2
70 (base 10) to base 4
1012
110 (base 4) to base 12
18
What is -42 (base 5) in base 7?
-31
50 (base 16) to base 2
1010000
300 (base 6) to base 10
108
What is -18 (base 14) in base 6?
-34
What is -104 (base 10) in base 8?
-150
Convert -11112 (base 3) to base 2.
-1111010
Convert -102 (base 3) to base 10.
-11
-3 (base 4) to base 13
-3
Convert -5 (base 7) to base 2.
-101
-87 (base 10) to base 11
-7a
Convert 0 (base 13) to base 6.
0
0 (base 15) to base 10
0
-16 (base 10) to base 15
-11
-15 (base 15) to base 11
-19
0 (base 14) to base 8
0
What is -101 (base 6) in base 8?
-45
Convert -1 (base 15) to base 13.
-1
What is -3 (base 8) in base 12?
-3
6 (base 15) to base 7
6
Convert 223 (base 5) to base 4.
333
-b (base 15) to base 4
-23
Convert -10111 (base 2) to base 11.
-21
Convert 2 (base 4) to base 11.
2
-2 (base 11) to base 9
-2
Convert -116 (base 12) to base 8.
-242
What is 1 (base 13) in base 4?
1
Convert 5 (base 11) to base 8.
5
Convert 61 (base 13) to base 7.
142
Convert -7 (base 9) to base 2.
-111
Convert -111 (base 2) to base 6.
-11
9 (base 13) to base 15
9
What is -2 (base 7) in base 13?
-2
Convert 324 (base 6) to base 2.
1111100
1 (base 9) to base 14
1
53 (base 13) to base 8
104
Convert -2 (base 12) to base 2.
-10
Convert 7 (base 10) to base 4.
13
-66 (base 14) to base 3
-10100
1 (base 13) to base 14
1
3 (base 10) to base 12
3
7 (base 10) to base 16
7
What is -33 (base 7) in base 14?
-1a
Convert 335 (base 9) to base 7.
542
12 (base 4) to base 7
6
Convert 19 (base 13) to base 16.
16
What is 2 (base 6) in base 2?
10
What is 3 (base 5) in base 3?
10
9 (base 15) to base 10
9
Convert -2 (base 11) to base 13.
-2
-55 (base 7) to base 16
-28
What is -23 (base 8) in base 7?
-25
What is -7 (base 8) in base 5?
-12
Convert -1 (base 16) to base 15.
-1
-1 (base 11) to base 14
-1
Convert -56 (base 9) to base 4.
-303
What is 48 (base 10) in base 9?
53
19 (base 13) to base 5
42
What is 0 (base 16) in base 7?
0
Convert -1 (base 16) to base 12.
-1
63 (base 16) to base 8
143
Convert -1f (base 16) to base 6.
-51
Convert -64 (base 12) to base 5.
-301
Convert -5 (base 7) to base 10.
-5
-2 (base 15) to base 6
-2
0 (base 12) to base 11
0
Convert -323 (base 6) to base 3.
-11120
1 (base 9) to base 2
1
Convert -2 (base 3) to base 12.
-2
Convert 32 (base 11) to base 10.
35
Convert -134 (base 10) to base 9.
-158
What is 1 (base 7) in base 4?
1
-5 (base 8) to base 15
-5
2a (base 16) to base 14
30
What is 95 (base 13) in base 3?
11112
What is 4 (base 9) in base 8?
4
What is -38 (base 12) in base 13?
-35
-1 (base 2) to base 7
-1
-9 (base 11) to base 16
-9
What is 16 (base 14) in base 8?
24
What is 212 (base 6) in base 2?
1010000
What is -1110 (base 2) in base 8?
-16
What is 0 (base 4) in base 5?
0
a0 (base 15) to base 2
10010110
Convert 51 (base 16) to base 7.
144
What is 43 (base 15) in base 7?
120
2 (base 7) to base 16
2
-1 (base 13) to base 7
-1
10100111 (base 2) to